-6).
20
Let f be 8/(-28) - 27/(-21). Suppose -10 = -4*n - l - f, 4*l + 6 = 5*n. Suppose n*r = -r + 12. What is the remainder when 7 is divided by r?
3
What is the remainder when 138 is divided by 73 - (-1 + (-22)/11)?
62
Let c(j) = -j**2 - 30*j - 105. Suppose -4*o + 5*y + 63 = 0, -5*o - 5*y = -4*o - 22. Let t = o - 2. What is the remainder when c(-19) is divided by t?
14
Let w be (2 - 1)/((-2 - -2) + 1). Let n be -9*w/(-1) + (-5 - -2). Calculate the remainder when 1210/n + (-7)/(-21) is divided by 51.
49
Let r be 20/35*490/(-20). What is the remainder when 54 is divided by 1*(4 - 26)*7/r?
10
Let m = -5 - 2. Let y = m + 12. Let q = 21786 + -21767. What is the remainder when q is divided by y?
4
Suppose -140*t + 1647 = -1013. Calculate the remainder when 152 is divided by t.
0
Let u(f) = -3*f - 10. Let o = 66 - 56. Calculate the remainder when o is divided by u(-4).
0
Let t(u) = 362*u**2 + 2*u - 1. What is the remainder when 827 is divided by t(-1)?
109
Let w(i) = 10*i + 52 - 31 + 10*i - 10*i. Calculate the remainder when w(3) is divided by 18.
15
Let c(m) = 14*m. Let w(u) = u**3 + 76*u**2 + 271*u - 1161. Calculate the remainder when w(-72) is divided by c(1).
7
Suppose 9*f - 15*f + 11723 = 13*f. Calculate the remainder when f is divided by 135.
77
Let m be 2*(-2)/20*-5. Let x be -2 - -4 - (100 + m). What is the remainder when 151/9 - 22/x is divided by 5?
2
Suppose -64*h = -28*h + 96*h - 2508. Calculate the remainder when 5281 is divided by h.
18
Suppose -14*d - 391 = 3*d. Let a(m) = -m - 19. Calculate the remainder when 116 is divided by a(d).
0
Let v = -2856 - -3425. What is the remainder when v is divided by 69?
17
Suppose 4*z + 5*a = 81, 16*a - 15*a = 5. What is the remainder when 41 is divided by z?
13
Let v = 216 + -167. Let i be (-1)/((-3)/(-9)) - -7. Suppose -3*f = f - 20, 5*f - 65 = -i*c. What is the remainder when v is divided by c?
9
Let j = 13 + -13. Let y(x) = -x**3 + 4*x**2 - 3*x. Let o be y(2). What is the remainder when 11 + ((-6)/o - j) is divided by 5?
3
Let h(j) = -10*j**2 - 226*j - 89. Calculate the remainder when 156 is divided by h(-22).
27
What is the remainder when 1119 + -95 - (-7 + 2 + 1) is divided by 36?
20
Let r(q) = q**3 + 64*q**2 - 5*q - 132. Calculate the remainder when r(-64) is divided by 37.
3
Let y(r) = -810*r - 301. Calculate the remainder when y(-2) is divided by 49.
45
Let y(m) = -m**3 - 4*m**2 + 7*m + 3. Let n be y(-5). Let s = 10 + n. Suppose -s*i - h = -11, h - 16 = -4*i - 2. Calculate the remainder when 14 is divided by i.
2
Suppose 11 + 10 = -21*k. Calculate the remainder when -426*(k + 5/6) is divided by 32.
7
Let x be (-12)/(-14)*56/6. Suppose 7*k = 3*k + x. Suppose 3*s - 18 = -2*q - k, -2*q = 4*s - 20. What is the remainder when 6 is divided by s?
2
Let l = -19 - -14. Let z = -54 - -63. What is the remainder when 174/8 - l/20 is divided by z?
4
Let r(k) = -5*k + 16*k - 24 - 37*k - 11*k - 3*k**2 - 34*k. What is the remainder when r(-6) is divided by 74?
72
Suppose 1698 = 5*j + k, 3*j - 6*k - 1028 = -2*k. What is the remainder when 1368 is divided by j?
8
Suppose 4*m = 3*c - 20 - 23, -m - 4*c = 25. Let h be (2 + 3)*3/(-5) - m. Suppose 2*i - h = 52. What is the remainder when 92 is divided by i?
30
Suppose -a - 399 = 6. Let t = a + 461. What is the remainder when t is divided by 19?
18
Calculate the remainder when ((-22)/77)/(12/21) + (-710)/(-4) is divided by 6.
3
Let x(t) = -t**2 - 9*t + 19. Let k be x(2). What is the remainder when (-4)/22 - 6546/198*k is divided by 51?
48
Let i(o) = -26*o + 102. Calculate the remainder when i(-8) is divided by 53.
45
Let c be 2/8*14*(-92)/(-7). Suppose 0 = c*w - 51*w + 15. Suppose 25 = w*q - 47. Calculate the remainder when 46 is divided by q.
22
Let z be (8 + 28/10)*10. Suppose 45 - 9 = -4*c. Calculate the remainder when z + (-24)/108 + (-20)/c is divided by 28.
26
Let c = 203 + -28. Calculate the remainder when c is divided by (110/(-33))/(6/(-27)).
10
Suppose 5*m - 35 = 435*k - 436*k, -5*k = -3*m + 49. Suppose 54 = 2*c - 86. Calculate the remainder when c is divided by m.
6
Suppose 4*j = -3*x + 220 + 136, -5*j + 422 = -2*x. What is the remainder when j is divided by 22?
20
Suppose -20*n + 11280 + 4520 = 0. What is the remainder when n is divided by 389?
12
Let z = -187 - -191. Suppose -5*r - 4*a = -47, r + 2 - 23 = 5*a. Calculate the remainder when r is divided by z.
3
Suppose -6*s - 14 = -13*s. Suppose s*u = -10*u - 696. Let g = -54 - u. What is the remainder when 10 is divided by g?
2
Suppose -4*a + 5*m + 2542 = 0, -5*a + 3110 = -7*m + 12*m. Calculate the remainder when a is divided by 104.
4
Let n = -385 + 549. What is the remainder when n is divided by 70/(-8)*(-936)/195?
38
Suppose 6*w - 86 - 418 = 0. Suppose -o = 26*d - 24*d - w, 0 = -4*d + 20. What is the remainder when o is divided by 43?
31
Let l be (6 + 4)/(-3 - -2). Let h(q) = 3*q + 89. What is the remainder when h(l) is divided by 33?
26
Let p(l) = -l**2 - 8*l - 8. Suppose -96 = 5*f - 6*f. Calculate the remainder when f is divided by p(-5).
5
Let q(u) = 4*u**2 + 21*u + 102. What is the remainder when q(18) is divided by 33?
27
Let c(y) = -y**2 + 30*y - 55. Suppose -6*h + 89 = -61. What is the remainder when c(h) is divided by 9?
7
Suppose x - 65 + 19 = 0. Let g = -41 + x. Suppose -g*c + 40 = -c. What is the remainder when 37 is divided by c?
7
Suppose -11*v = 102 - 3. Let n(l) = l**2 + 10*l + 22. Calculate the remainder when 23 is divided by n(v).
10
Suppose -5*y + 1226 = -504*d + 500*d, -3*y + 738 = -3*d. Calculate the remainder when 1909 is divided by y.
215
Let j = -117 - -122. Suppose -f + j*r + 90 = 0, 0*f = 4*f - 4*r - 280. Calculate the remainder when f is divided by 24.
17
Suppose 0 = 3*p - 8*p + 265. Let o = 19761 + -19597. What is the remainder when o is divided by p?
5
Suppose -144 = -4*y + 40. Let a = -27 + 31. Suppose -a*r = -27 - 69. Calculate the remainder when y is divided by r.
22
Let k(r) = -r**3 - r**2 + 52. Suppose -2*d - 2 = 0, 0 = -w - 3*w + 2*d + 2. Suppose w*u + 4*u = 80. Calculate the remainder when k(0) is divided by u.
12
Let h = -26714 - -27042. What is the remainder when h is divided by 118?
92
Suppose -x + 25 = 7. Let d(y) = -y**2 + 16*y + 12. Let o(b) = 5*b**2 - 81*b - 61. Let a(q) = 11*d(q) + 2*o(q). What is the remainder when a(12) is divided by x?
16
What is the remainder when -13 - 3/9*-873 is divided by 81?
35
Let d(n) = 7*n - 27. Let b = -12 + 10. Let u be (-39)/(-26)*b/(-6)*12. Calculate the remainder when 72 is divided by d(u).
12
Let h be (-84)/(-15) + -3 - (-4)/10. Suppose -53 = -q + h*m, 5*q - 3*m - 99 = 118. What is the remainder when 409 is divided by q?
40
Let o(a) = -3*a**2 + 60*a + 308. Calculate the remainder when 154 is divided by o(24).
14
Let y(j) = -3 - 6 + 2*j + 2*j**2 + 16 - 4. Let a be y(-3). Suppose -69 - a = -3*m. Calculate the remainder when 78 is divided by m.
22
Let f be 4/18 - 4/18. Let n = -89 + 91. Suppose f = n*h + 3*h - 165. What is the remainder when h is divided by 12?
9
Let s(u) = 822*u + 9518. What is the remainder when s(-11) is divided by 157?
5
Suppose -4*l - 4 = -t + l, l + 40 = 3*t. Suppose t = q + 6. Suppose -618*m = -11461 - 5806 - 16723. What is the remainder when m is divided by q?
7
Suppose 4*f = -5*s + 1583, -16*f = -13*f - 21. Calculate the remainder when 631 is divided by s.
9
Suppose -3*j + x - 936 = -8*j, -3*j + 4*x = -557. What is the remainder when j is divided by (-18 + 576/20)/((-4)/(-10))?
25
Suppose 2*p - 278 = -4*h, -5*h + 3*p - 39 = -381. Let q = -53 + h. Calculate the remainder when 10 is divided by 22/8 + 4/q.
1
Let m = -195 + -206. Let g = 446 + m. Calculate the remainder when 88 is divided by g.
43
Let r(u) be the second derivative of -u**5/20 - u**4/4 + 7*u**3/6 - u**2/2 + u. Calculate the remainder when (-2)/(-4) - 42/9*1104/(-64) is divided by r(-5).
11
Let m(d) be the third derivative of d**5/10 + 11*d**4/12 + d**3/2 - 125*d**2. Let s(z) = z**2 - 3*z + 5. What is the remainder when m(-6) is divided by s(5)?
12
Suppose j - 25 = 10. Suppose q - 3*t - 83 = 0, -3089 = -3*q - 5*t - 2938. What is the remainder when q is divided by j?
27
Suppose 3*a - 93 = m, 4*m = a - 0*m - 42. Let y = 39 + -38. Let g(n) = 18*n - 1. What is the remainder when a is divided by g(y)?
13
Suppose 97*l - 120*l + 322 = 0. Let